{"id":4853,"date":"2025-06-19T18:06:03","date_gmt":"2025-06-19T16:06:03","guid":{"rendered":"http:\/\/test.itechelectronics.pl\/?page_id=4853"},"modified":"2025-06-26T23:56:01","modified_gmt":"2025-06-26T21:56:01","slug":"systemy-sterujace","status":"publish","type":"page","link":"https:\/\/itechelectronics.pl\/?page_id=4853","title":{"rendered":"Systemy steruj\u0105ce"},"content":{"rendered":"\t\t<div data-elementor-type=\"wp-page\" data-elementor-id=\"4853\" class=\"elementor elementor-4853\">\n\t\t\t\t<div class=\"elementor-element elementor-element-b1d0a81 e-con-full e-flex e-con e-parent\" data-id=\"b1d0a81\" data-element_type=\"container\">\n\t\t\t\t<div class=\"elementor-element elementor-element-300a0f3 elementor-widget elementor-widget-innerpagearticledetail\" data-id=\"300a0f3\" data-element_type=\"widget\" data-widget_type=\"innerpagearticledetail.default\">\n\t\t\t\t<div class=\"elementor-widget-container\">\n\t\t\t\t\t\n<!-- Start Article -->\n<section class=\"s-article article-detail\">\n    <div class=\"tf-container\">\n        <div class=\"row\">\n            <div class=\"col-xxl-12\">\n                                <div class=\"s-heading style-2 mb-60\">\n                    <div class=\"s-sub-title mb-6\">\n                        <img decoding=\"async\" src=\"https:\/\/wpriverthemes.com\/nexux\/wp-content\/themes\/nexux\/icons\/sub-title-left.svg\" alt=\"subtitle\"><p>Technologia<\/p><img decoding=\"async\" src=\"https:\/\/wpriverthemes.com\/nexux\/wp-content\/themes\/nexux\/icons\/sub-title-right.svg\" alt=\"subtitle\">                    <\/div>\n                    <h1 class=\"s-title mb-22 wow fadeInUp\" data-wow-delay=\"0s\">Systemy steruj\u0105ce<\/h1>\n                    <p class=\"text wow fadeInUp\" data-wow-delay=\"0.1s\">\n                        Przywracamy kontrol\u0119 nad automatyk\u0105 przemys\u0142ow\u0105.                    <\/p>\n                <\/div>\n                                <div class=\"content-inner type-2 relative z-5\">\n                                        <div class=\"breadcrums wow fadeInUp\" data-wow-delay=\"0s\">\n                        <a  href=\"https:\/\/itechelectronics.pl\/?page_id=3483\"> Technologia <\/a>\n                        <div class=\"icon\">\n                            <i class=\"icon-chervo-right\"><\/i>\n                        <\/div>\n                        <h6> Serwis <\/h6>\n                    <\/div>\n                    \n                                    <\/div>\n                \n                <div class=\"content wow fadeInUp\" data-wow-delay=\"0s\">\n                                        <p class=\"title\">Serwis specjalizowanych komputer\u00f3w przemys\u0142owych oraz sterownik\u00f3w maszyn<\/p>\n                    <p class=\"text s1\">\n                        Serwis iTech Electronics oferuje kompleksowe wsparcie w zakresie napraw, konserwacji i regeneracji komputer\u00f3w przemys\u0142owych oraz sterownik\u00f3w maszyn.\n\nAby zapewni\u0107 jak najwi\u0119ksze spektrum wsparcia, nabyte przez lata do\u015bwiadczenie wykorzystujemy do realizacji us\u0142ug serwisowych bez ograniczania si\u0119 do zamkni\u0119tej grupy typ\u00f3w urz\u0105dze\u0144.\n\nAwaria tego najbardziej skomplikowanego komponentu cz\u0119sto prowadzi do cz\u0119\u015bciowego lub ca\u0142kowitego unieruchomienia procesu technologicznego.                    <\/p>\n                                                                                 <p class=\"mini-title s1\"><\/p>\n                    <p class=\"text s2\">\n                        W przypadku wyst\u0105pienia jednej z poni\u017cszych usterek, zalecamy kontakt z iTech Electronics:\n\n                    <\/p>\n                    <ul class=\"benefit-list s1\">\n                        <li>\n<div class=\"icon\">\n<i class=\"icon-flare\"><\/i>\n<\/div>\n<p>\nUrz\u0105dzenie si\u0119 nie uruchamia\n<\/p>\n<\/li>\n<li>\n<div class=\"icon\">\n<i class=\"icon-flare\"><\/i>\n<\/div>\n<p>\nPrzepi\u0119cie\/zwarcie\n<\/p>\n<\/li>\n<li>\n<div class=\"icon\">\n<i class=\"icon-flare\"><\/i>\n<\/div>\n<p>\nUrz\u0105dzenie wy\u0142\u0105cza si\u0119 podczas pracy\n<\/p>\n<\/li>\n<li>\n<div class=\"icon\">\n<i class=\"icon-flare\"><\/i>\n<\/div>\n<p>\nBrak pod\u015bwietlenia\n<\/p>\n<\/li>\n<li>\n<div class=\"icon\">\n<i class=\"icon-flare\"><\/i>\n<\/div>\n<p>\nBrak komunikacji\n <\/p>\n<\/li>\n<li>\n<div class=\"icon\">\n<i class=\"icon-flare\"><\/i>\n<\/div>\n<p>\nSygnalizacja b\u0142\u0119d\u00f3w podczas sekwencji uruchamiania\n<\/p>\n<\/li>\n<li>\n<div class=\"icon\">\n<i class=\"icon-flare\"><\/i>\n<\/div>\n<p>\nBrak reakcji na w\u0142\u0105cznik\n<\/p>\n<\/li>\n<li>\n<div class=\"icon\">\n<i class=\"icon-flare\"><\/i>\n<\/div>\n<p>\nBrak pod\u015bwietlenia\n<\/p>\n<\/li>\n<li>\n<div class=\"icon\">\n<i class=\"icon-flare\"><\/i>\n<\/div>\n<p>\nBia\u0142y\/czarny ekran\n<\/p>\n<\/li>\n<li>\n<div class=\"icon\">\n<i class=\"icon-flare\"><\/i>\n<\/div>\n<p>\nUszkodzenie mechaniczne\n<\/p>\n<\/li>\n<li>\n<div class=\"icon\">\n<i class=\"icon-flare\"><\/i>\n<\/div>\n<p>\nWidoczne uszkodzenie komponent\u00f3w elektronicznych\n<\/p>\n<\/li>\n<li>\n<div class=\"icon\">\n<i class=\"icon-flare\"><\/i>\n<\/div>\n<p>\nZalanie ciecz\u0105\n<\/p>\n<\/li>\n<li>\n<div class=\"icon\">\n<i class=\"icon-flare\"><\/i>\n<\/div>\n<p>\nUszkodzone z\u0142\u0105cze\n<\/p>\n<\/li>\n<li>\n<div class=\"icon\">\n<i class=\"icon-flare\"><\/i>\n<\/div>\n<p>\nUszkodzony jest laminat PCB lub wida\u0107 urwane \u015bcie\u017cki\n<\/p>\n<\/li>\n<li>\n<div class=\"icon\">\n<i class=\"icon-flare\"><\/i>\n<\/div>\n<p>\nUwa\u017casz, \u017ce konieczna jest naprawa sterownika\n<\/p>\n<\/li>                    <\/ul>\n                                                            <p class=\"mini-title s1\"><\/p>\n                    <p class=\"text s2\">\n                        Masz inny problem z systemem steruj\u0105cym? Wype\u0142nij formularz kontaktowy \u2013 sprawdzimy, co da si\u0119 zrobi\u0107.\n                    <\/p>\n                    <ul class=\"benefit-list s1\">\n                                            <\/ul>\n                                                            <p class=\"mini-title s1\"><\/p>\n                    <p class=\"text s2\">\n                                            <\/p>\n                    <ul class=\"benefit-list s1\">\n                                            <\/ul>\n                                        <div class=\"entry-image s1 tf-hover\">\n                        <div class=\"hover-1\">\n                            <img decoding=\"async\" src=\"https:\/\/itechelectronics.pl\/wp-content\/uploads\/2025\/06\/drivers.jpg\" alt=\"\" class=\"lazyload\">\n                        <\/div>\n                    <\/div>\n                                                            \n                                    <\/div>\n                \n            <\/div>\n        <\/div>\n    <\/div>\n    <span class=\"bloom style-6 item-1\"><\/span>\n    <div class=\"s-img-item item-1\">\n        <img decoding=\"async\" src=\"https:\/\/itechelectronics.pl\/wp-content\/uploads\/2024\/12\/net-9.png\" alt=\"\" class=\"lazyload\">\n    <\/div>\n    <div class=\"s-img-item item-2\">\n        <img decoding=\"async\" src=\"https:\/\/itechelectronics.pl\/wp-content\/uploads\/2024\/12\/net-10.png\" alt=\"\" class=\"lazyload\">\n    <\/div>\n\n    <div class=\"s-item item-1\">\n        <span class=\"bloom\"><\/span>\n        <img decoding=\"async\" src=\"https:\/\/itechelectronics.pl\/wp-content\/uploads\/2025\/01\/net-12.png\" alt=\"\">\n    <\/div>\n    <div class=\"s-item item-2\">\n        <span class=\"bloom\"><\/span>\n        <img decoding=\"async\" src=\"https:\/\/itechelectronics.pl\/wp-content\/uploads\/2025\/01\/net-13.png\" alt=\"\">\n    <\/div>\n    <div class=\"s-item item-3\">\n        <span class=\"bloom\"><\/span>\n        <img decoding=\"async\" src=\"https:\/\/itechelectronics.pl\/wp-content\/uploads\/2025\/01\/net-13.png\" alt=\"\">\n    <\/div>\n<\/section>\n<!-- End Article -->\n\n\n    \t\t\t\t<\/div>\n\t\t\t\t<\/div>\n\t\t\t\t<\/div>\n\t\t<div class=\"elementor-element elementor-element-6b8f550 e-con-full e-flex e-con e-parent\" data-id=\"6b8f550\" data-element_type=\"container\">\n\t\t\t\t<div class=\"elementor-element elementor-element-a75711e elementor-widget elementor-widget-homecta\" data-id=\"a75711e\" data-element_type=\"widget\" data-widget_type=\"homecta.default\">\n\t\t\t\t<div class=\"elementor-widget-container\">\n\t\t\t\t\t\n<!-- Start Cta-->\n<section class=\"s-cta\">\n    <div class=\"relative z-5\">\n        <div class=\"tf-container\">\n            <div class=\"row\">\n                <div class=\"col-xxl-12\">\n                    <div class=\"s-heading style-2 mb-0\">\n                        <h1 class=\"s-title text-center mb-18 wow fadeInUp\" data-wow-delay=\"0s\">\n                            Zmniejsz wydatki Twojej firmy.                        <\/h1>\n                        <p class=\"text text-center text-type-2 wow fadeInUp\" data-wow-delay=\"0s\">\n                            Wsp\u00f3\u0142pracujemy z Automatykami, Dzia\u0142ami UR, Dyrektorami Produkcji oraz W\u0142a\u015bcicielami firm w ca\u0142ej Polsce \u2013 dostarczaj\u0105c rozwi\u0105zania tam, gdzie liczy si\u0119 niezawodno\u015b\u0107 i efektywno\u015b\u0107.\n\n                        <\/p>\n                        <div class=\"flex justify-center wow fadeInUp\" data-wow-delay=\"0s\">\n                                                        <a  href=\"https:\/\/itechelectronics.pl\/?page_id=3115\" class=\"tf-btn style-5\">\n                                <div class=\"btn-text\">\n                                    <span> Skontaktuj si\u0119 <\/span>\n                                <\/div>\n                            <\/a>\n                                                    <\/div>\n                    <\/div>\n                <\/div>\n            <\/div>\n        <\/div>\n    <\/div>\n\n    <span class=\"s-img-item bloom style-6 item-1\"><\/span>\n    <span class=\"s-img-item bloom item-2\"><\/span>\n    <div class=\"tf-overlay overflow-hidden\">\n        <span class=\"s-img-item bottom item-3\">\n            <img decoding=\"async\" src=\"https:\/\/itechelectronics.pl\/wp-content\/uploads\/2024\/12\/net-4.png\" alt=\"\">\n        <\/span>\n        <span class=\"s-img-item bottom item-4\">\n            <span class=\"eclip-1\"><\/span>\n            <span class=\"eclip-2\"><\/span>\n        <\/span>\n    <\/div>\n        <span class=\"line\"><\/span>\n    <\/section>\n<!-- End Cta -->\n\n\n    \t\t\t\t<\/div>\n\t\t\t\t<\/div>\n\t\t\t\t<\/div>\n\t\t\t\t<\/div>\n\t\t","protected":false},"excerpt":{"rendered":"<p>Technologia Systemy steruj\u0105ce Przywracamy kontrol\u0119 nad automatyk\u0105 przemys\u0142ow\u0105. Technologia Serwis Serwis specjalizowanych komputer\u00f3w przemys\u0142owych oraz sterownik\u00f3w maszyn Serwis iTech Electronics oferuje kompleksowe wsparcie w zakresie napraw, konserwacji i regeneracji komputer\u00f3w przemys\u0142owych oraz sterownik\u00f3w maszyn. Aby zapewni\u0107 jak najwi\u0119ksze spektrum wsparcia, nabyte przez lata do\u015bwiadczenie wykorzystujemy do realizacji us\u0142ug serwisowych bez ograniczania si\u0119 do zamkni\u0119tej grupy [&hellip;]<\/p>\n","protected":false},"author":1,"featured_media":0,"parent":0,"menu_order":0,"comment_status":"closed","ping_status":"closed","template":"page-templates\/article-detail.php","meta":{"om_disable_all_campaigns":false,"_monsterinsights_skip_tracking":false,"_monsterinsights_sitenote_active":false,"_monsterinsights_sitenote_note":"","_monsterinsights_sitenote_category":0,"footnotes":""},"class_list":["post-4853","page","type-page","status-publish","hentry"],"aioseo_notices":[],"_links":{"self":[{"href":"https:\/\/itechelectronics.pl\/index.php?rest_route=\/wp\/v2\/pages\/4853","targetHints":{"allow":["GET"]}}],"collection":[{"href":"https:\/\/itechelectronics.pl\/index.php?rest_route=\/wp\/v2\/pages"}],"about":[{"href":"https:\/\/itechelectronics.pl\/index.php?rest_route=\/wp\/v2\/types\/page"}],"author":[{"embeddable":true,"href":"https:\/\/itechelectronics.pl\/index.php?rest_route=\/wp\/v2\/users\/1"}],"replies":[{"embeddable":true,"href":"https:\/\/itechelectronics.pl\/index.php?rest_route=%2Fwp%2Fv2%2Fcomments&post=4853"}],"version-history":[{"count":15,"href":"https:\/\/itechelectronics.pl\/index.php?rest_route=\/wp\/v2\/pages\/4853\/revisions"}],"predecessor-version":[{"id":5779,"href":"https:\/\/itechelectronics.pl\/index.php?rest_route=\/wp\/v2\/pages\/4853\/revisions\/5779"}],"wp:attachment":[{"href":"https:\/\/itechelectronics.pl\/index.php?rest_route=%2Fwp%2Fv2%2Fmedia&parent=4853"}],"curies":[{"name":"wp","href":"https:\/\/api.w.org\/{rel}","templated":true}]}}