{"id":4788,"date":"2025-06-19T00:22:26","date_gmt":"2025-06-18T22:22:26","guid":{"rendered":"http:\/\/test.itechelectronics.pl\/?page_id=4788"},"modified":"2025-06-26T23:52:44","modified_gmt":"2025-06-26T21:52:44","slug":"program-serwisowy-l3","status":"publish","type":"page","link":"https:\/\/itechelectronics.pl\/?page_id=4788","title":{"rendered":"Program serwisowy L3"},"content":{"rendered":"\t\t<div data-elementor-type=\"wp-page\" data-elementor-id=\"4788\" class=\"elementor elementor-4788\">\n\t\t\t\t<div class=\"elementor-element elementor-element-b1d0a81 e-con-full e-flex e-con e-parent\" data-id=\"b1d0a81\" data-element_type=\"container\">\n\t\t\t\t<div class=\"elementor-element elementor-element-300a0f3 elementor-widget elementor-widget-innerpagearticledetail\" data-id=\"300a0f3\" data-element_type=\"widget\" data-widget_type=\"innerpagearticledetail.default\">\n\t\t\t\t<div class=\"elementor-widget-container\">\n\t\t\t\t\t\n<!-- Start Article -->\n<section class=\"s-article article-detail\">\n    <div class=\"tf-container\">\n        <div class=\"row\">\n            <div class=\"col-xxl-12\">\n                                <div class=\"s-heading style-2 mb-60\">\n                    <div class=\"s-sub-title mb-6\">\n                        <img decoding=\"async\" src=\"https:\/\/wpriverthemes.com\/nexux\/wp-content\/themes\/nexux\/icons\/sub-title-left.svg\" alt=\"subtitle\"><p>Technologia<\/p><img decoding=\"async\" src=\"https:\/\/wpriverthemes.com\/nexux\/wp-content\/themes\/nexux\/icons\/sub-title-right.svg\" alt=\"subtitle\">                    <\/div>\n                    <h1 class=\"s-title mb-22 wow fadeInUp\" data-wow-delay=\"0s\">Program serwisowy L3<\/h1>\n                    <p class=\"text wow fadeInUp\" data-wow-delay=\"0.1s\">\n                        Zaawansowany proces. Proste oszcz\u0119dno\u015bci dla firm.                    <\/p>\n                <\/div>\n                                <div class=\"content-inner type-2 relative z-5\">\n                                        <div class=\"breadcrums wow fadeInUp\" data-wow-delay=\"0s\">\n                        <a  href=\"https:\/\/itechelectronics.pl\/?page_id=3483\"> Technologia <\/a>\n                        <div class=\"icon\">\n                            <i class=\"icon-chervo-right\"><\/i>\n                        <\/div>\n                        <h6> Program serwisowy L3 <\/h6>\n                    <\/div>\n                    \n                                    <\/div>\n                \n                <div class=\"content wow fadeInUp\" data-wow-delay=\"0s\">\n                                        <p class=\"title\">Czym jest program serwisowy Level 3?<\/p>\n                    <p class=\"text s1\">\n                        Naprawa poziomu trzeciego jest jednym z najbardziej skomplikowanych proces\u00f3w w bran\u017cy serwisowej.\nKa\u017cdego dnia mierzymy si\u0119 z awariami, gdzie cz\u0119sto ostateczno\u015bci\u0105 jest ingerencja inwazyjna w p\u0142yt\u0119 drukowan\u0105 PCB aby przywr\u00f3ci\u0107 pe\u0142n\u0105 sprawno\u015b\u0107 urz\u0105dzenia.\n\nElektronika przemys\u0142owa podlega wysokiej utylizacji w przedsi\u0119biorstwie Kontrahenta, co mo\u017ce d\u0142ugofalowo wp\u0142ywa\u0107 na jej \u017cywotno\u015b\u0107.\n\nOferujemy zar\u00f3wno naprawy, jak i okresow\u0105 profilaktyczn\u0105 regeneracj\u0119 (preventive maintenance) dla modu\u0142\u00f3w pracuj\u0105cych w ci\u0119\u017ckich warunkach.\n\nUniwersalno\u015b\u0107 rozwi\u0105za\u0144 technologicznych wykorzystywanych w iTech Electronics znacz\u0105co rozszerza spektrum oferowanych us\u0142ug.                    <\/p>\n                                                                                 <p class=\"mini-title s1\">Naprawy Level 3 w iTech Electronics<\/p>\n                    <p class=\"text s2\">\n                        Proces ten stosujemy i nieustannie udoskonalamy od ponad 17 lat, co pozwoli\u0142o wypracowa\u0107 wydajny i uniwersalny pakiet technologiczny.\nNa pocz\u0105tku nie by\u0142o \u0142atwo, jednak po tych wszystkich latach sp\u0119dzonych nad rozwi\u0105zywaniem nie\u0142atwych zagadek, dzi\u015b mo\u017cemy z nieskrywan\u0105 rado\u015bci\u0105 pochwali\u0107 si\u0119 wypracowanym sprawnie dzia\u0142aj\u0105cym procesem technologicznym, kt\u00f3rym obj\u0119te jest ka\u017cde zlecenie wymagaj\u0105ce stacjonarnej naprawy Level 3 w laboratorium firmy iTech Electronics.                    <\/p>\n                    <ul class=\"benefit-list s1\">\n                                            <\/ul>\n                                        <div class=\"entry-image s1 tf-hover\">\n                        <div class=\"hover-1\">\n                            <img decoding=\"async\" src=\"https:\/\/itechelectronics.pl\/wp-content\/uploads\/2025\/06\/brd.png\" alt=\"\" class=\"lazyload\">\n                        <\/div>\n                    <\/div>\n                                                            <p class=\"mini-title s1\">Elementy sekwencji programu<\/p>\n                    <p class=\"text s2\">\n                        Inwestycja w szkolenia techniczne, narz\u0119dzia klasy premium, sta\u0142e \u0142a\u0144cuchy dostaw komponent\u00f3w oraz nieustanny rozw\u00f3j kadry w firmie wp\u0142ywaj\u0105 na ni\u017cszy koszt i kr\u00f3tszy czas realizacji us\u0142ug.\n\nProgram serwisowy L3 obejmuje r\u00f3\u017cnego rodzaju dzia\u0142ania, takie jak np.:\n                    <\/p>\n                    <ul class=\"benefit-list s1\">\n                        <li>\n<div class=\"icon\">\n<i class=\"icon-flare\"><\/i>\n<\/div>\n<p>\nDiagnostyka\/symulacja symptomu\n<\/p>\n<\/li>\n<li>\n<div class=\"icon\">\n<i class=\"icon-flare\"><\/i>\n<\/div>\n<p>\nBadania termowizyjne i mikroobrazowe\n<\/p>\n<\/li>\n<li>\n<div class=\"icon\">\n<i class=\"icon-flare\"><\/i>\n<\/div>\n<p>\nAnaliza dokumentacji serwisowej i Board View\n<\/p>\n<\/li>\n<li>\n<div class=\"icon\">\n<i class=\"icon-flare\"><\/i>\n<\/div>\n<p>\nUstalenie \u017ar\u00f3d\u0142a problemu w celu trwa\u0142ego usuni\u0119cia usterki\n<\/p>\n<\/li>\n<li>\n<div class=\"icon\">\n<i class=\"icon-flare\"><\/i>\n<\/div>\n<p>\nWymiana komponent\u00f3w RLC, takich jak np. tranzystory, diody, rezystory, uk\u0142ady scalone itd.\n<\/p>\n<\/li>\n<li>\n<div class=\"icon\">\n<i class=\"icon-flare\"><\/i>\n<\/div>\n<p>\nRegeneracja uszkodzonych mikropo\u0142\u0105cze\u0144 drukowanych, rekonstrukcja laminatu PCB\n<\/p>\n<\/li>\n<li>\n<div class=\"icon\">\n<i class=\"icon-flare\"><\/i>\n<\/div>\n<p>\nNaprawa lub wymiana uszkodzonych element\u00f3w elektromechanicznych, takich jak np. enkodery, sensory\n<\/p>\n<\/li>\n                    <\/ul>\n                                        <div class=\"entry-image s1 tf-hover\">\n                        <div class=\"hover-1\">\n                            <img decoding=\"async\" src=\"https:\/\/itechelectronics.pl\/wp-content\/uploads\/2025\/06\/liquid.jpg\" alt=\"\" class=\"lazyload\">\n                        <\/div>\n                    <\/div>\n                                                            <p class=\"mini-title s1\">Czym dysponujemy?<\/p>\n                    <p class=\"text s2\">\n                        Innowacyjno\u015b\u0107, niezawodno\u015b\u0107 oraz wydajno\u015b\u0107 \u2013 takich cech oczekujemy od swoich narz\u0119dzi.\n\nNa przyk\u0142ad, do wszelkich prac L3 w iTech Electronics wybrali\u015bmy rodzin\u0119 stacji firmy JBC. Termografia wykonywana jest przy u\u017cyciu termokamery FLIR A35. Pr\u00f3by zwarciowe wspomagane s\u0105 produktami firm Rigol oraz Fluke. Mikrokomponenty starannie wymieniane s\u0105 pod czujnym okiem mikroskopu Am-Scope. Precyzyjne wyniki pomiar\u00f3w oscyloskopowych dostarcza sprz\u0119t Agilent Technologies.\n\nFluke, Agilent, FLIR, JBC czy Rigol to producenci \u015bwiatowej klasy produkt\u00f3w, zaprojektowanych przez profesjonalist\u00f3w dla profesjonalist\u00f3w.\n\nZapraszamy do skontaktowania si\u0119 z iTech Electronics, je\u017celi:                    <\/p>\n                    <ul class=\"benefit-list s1\">\n                        <li>\n<div class=\"icon\">\n<i class=\"icon-flare\"><\/i>\n<\/div>\n<p>\nProducent nie wspiera ju\u017c Twojego produktu (end-of-life)\n<\/p>\n<\/li>\n<li>\n<div class=\"icon\">\n<i class=\"icon-flare\"><\/i>\n<\/div>\n<p>\nUrz\u0105dzenie nie jest ju\u017c produkowane\n<\/p>\n<\/li>\n<li>\n<div class=\"icon\">\n<i class=\"icon-flare\"><\/i>\n<\/div>\n<p>\nNaprawa modu\u0142owa jest niekorzystna\n<\/p>\n<\/li>\n<li>\n<div class=\"icon\">\n<i class=\"icon-flare\"><\/i>\n<\/div>\n<p>\nCzas oczekiwania na nowy egzemplarz jest za d\u0142ugi\n<\/p>\n<\/li>\n<li>\n<div class=\"icon\">\n<i class=\"icon-flare\"><\/i>\n<\/div>\n<p>\nWymiana na nowsz\u0105 generacj\u0119 wymusza aktualizacj\u0119 innych peryferi\u00f3w w aplikacji technologicznej\n<\/p>\n<\/li>\n<li>\n<div class=\"icon\">\n<i class=\"icon-flare\"><\/i>\n<\/div>\n<p>\nChcesz skorzysta\u0107 z programu serwisowego Level 3 firmy iTech Electronics\n<\/p>\n<\/li>                    <\/ul>\n                                        <div class=\"entry-image s1 tf-hover\">\n                        <div class=\"hover-1\">\n                            <img decoding=\"async\" src=\"https:\/\/itechelectronics.pl\/wp-content\/uploads\/2025\/06\/pads-scaled.jpg\" alt=\"\" class=\"lazyload\">\n                        <\/div>\n                    <\/div>\n                                                            \n                                        <p class=\"mini-title s2\">Dla naszych Klient\u00f3w oznacza to realne korzy\u015bci:<\/p>\n\n                    <li>\n<p>\nUnikni\u0119cie kosztownej wymiany sprz\u0119tu<\/p>\n<\/li>\n<li>\n\n<p>\nMinimalizacja przestoj\u00f3w produkcyjnych\n<\/p>\n<\/li>\n<li>\n\n<p>\nOdzyskanie pe\u0142nej funkcjonalno\u015bci nawet dla urz\u0105dze\u0144 bez dokumentacji czy wsparcia producenta\n<\/p>\n<\/li>\n<li>\n\n<p>\nPewno\u015b\u0107 dzia\u0142ania dzi\u0119ki przetestowanemu i udokumentowanemu procesowi naprawy\n<\/p>\n<\/li>\n<li>\n\n<p>\nWsparcie techniczne oparte na do\u015bwiadczeniu, a nie domys\u0142ach\n<\/p>\n<\/li>\n<li>\n\n<p>\nZachowanie kompatybilno\u015bci z istniej\u0105cym systemem\n<\/p>\n<\/li>\n<li>\n\n<p>\nIndywidualne podej\u015bcie do problemu\n<\/p>\n<\/li>\n<li>\n\n<p>\nBrak zale\u017cno\u015bci od producent\u00f3w OEM\n<\/p>\n<\/li>\n                                                        <\/div>\n                \n            <\/div>\n        <\/div>\n    <\/div>\n    <span class=\"bloom style-6 item-1\"><\/span>\n    <div class=\"s-img-item item-1\">\n        <img decoding=\"async\" src=\"https:\/\/itechelectronics.pl\/wp-content\/uploads\/2024\/12\/net-9.png\" alt=\"\" class=\"lazyload\">\n    <\/div>\n    <div class=\"s-img-item item-2\">\n        <img decoding=\"async\" src=\"https:\/\/itechelectronics.pl\/wp-content\/uploads\/2024\/12\/net-10.png\" alt=\"\" class=\"lazyload\">\n    <\/div>\n\n    <div class=\"s-item item-1\">\n        <span class=\"bloom\"><\/span>\n        <img decoding=\"async\" src=\"https:\/\/itechelectronics.pl\/wp-content\/uploads\/2025\/01\/net-12.png\" alt=\"\">\n    <\/div>\n    <div class=\"s-item item-2\">\n        <span class=\"bloom\"><\/span>\n        <img decoding=\"async\" src=\"https:\/\/itechelectronics.pl\/wp-content\/uploads\/2025\/01\/net-13.png\" alt=\"\">\n    <\/div>\n    <div class=\"s-item item-3\">\n        <span class=\"bloom\"><\/span>\n        <img decoding=\"async\" src=\"https:\/\/itechelectronics.pl\/wp-content\/uploads\/2025\/01\/net-13.png\" alt=\"\">\n    <\/div>\n<\/section>\n<!-- End Article -->\n\n\n    \t\t\t\t<\/div>\n\t\t\t\t<\/div>\n\t\t\t\t<\/div>\n\t\t<div class=\"elementor-element elementor-element-6b8f550 e-con-full e-flex e-con e-parent\" data-id=\"6b8f550\" data-element_type=\"container\">\n\t\t\t\t<div class=\"elementor-element elementor-element-a75711e elementor-widget elementor-widget-homecta\" data-id=\"a75711e\" data-element_type=\"widget\" data-widget_type=\"homecta.default\">\n\t\t\t\t<div class=\"elementor-widget-container\">\n\t\t\t\t\t\n<!-- Start Cta-->\n<section class=\"s-cta\">\n    <div class=\"relative z-5\">\n        <div class=\"tf-container\">\n            <div class=\"row\">\n                <div class=\"col-xxl-12\">\n                    <div class=\"s-heading style-2 mb-0\">\n                        <h1 class=\"s-title text-center mb-18 wow fadeInUp\" data-wow-delay=\"0s\">\n                            Zmniejsz wydatki Twojej firmy.                        <\/h1>\n                        <p class=\"text text-center text-type-2 wow fadeInUp\" data-wow-delay=\"0s\">\n                            Wsp\u00f3\u0142pracujemy z Automatykami, Dzia\u0142ami UR, Dyrektorami Produkcji oraz W\u0142a\u015bcicielami firm w ca\u0142ej Polsce \u2013 dostarczaj\u0105c rozwi\u0105zania tam, gdzie liczy si\u0119 niezawodno\u015b\u0107 i efektywno\u015b\u0107.\n                        <\/p>\n                        <div class=\"flex justify-center wow fadeInUp\" data-wow-delay=\"0s\">\n                                                        <a  href=\"https:\/\/itechelectronics.pl\/?page_id=3115\" class=\"tf-btn style-5\">\n                                <div class=\"btn-text\">\n                                    <span> Skontaktuj si\u0119 <\/span>\n                                <\/div>\n                            <\/a>\n                                                    <\/div>\n                    <\/div>\n                <\/div>\n            <\/div>\n        <\/div>\n    <\/div>\n\n    <span class=\"s-img-item bloom style-6 item-1\"><\/span>\n    <span class=\"s-img-item bloom item-2\"><\/span>\n    <div class=\"tf-overlay overflow-hidden\">\n        <span class=\"s-img-item bottom item-3\">\n            <img decoding=\"async\" src=\"https:\/\/itechelectronics.pl\/wp-content\/uploads\/2024\/12\/net-4.png\" alt=\"\">\n        <\/span>\n        <span class=\"s-img-item bottom item-4\">\n            <span class=\"eclip-1\"><\/span>\n            <span class=\"eclip-2\"><\/span>\n        <\/span>\n    <\/div>\n        <span class=\"line\"><\/span>\n    <\/section>\n<!-- End Cta -->\n\n\n    \t\t\t\t<\/div>\n\t\t\t\t<\/div>\n\t\t\t\t<\/div>\n\t\t\t\t<\/div>\n\t\t","protected":false},"excerpt":{"rendered":"<p>Technologia Program serwisowy L3 Zaawansowany proces. Proste oszcz\u0119dno\u015bci dla firm. Technologia Program serwisowy L3 Czym jest program serwisowy Level 3? Naprawa poziomu trzeciego jest jednym z najbardziej skomplikowanych proces\u00f3w w bran\u017cy serwisowej. Ka\u017cdego dnia mierzymy si\u0119 z awariami, gdzie cz\u0119sto ostateczno\u015bci\u0105 jest ingerencja inwazyjna w p\u0142yt\u0119 drukowan\u0105 PCB aby przywr\u00f3ci\u0107 pe\u0142n\u0105 sprawno\u015b\u0107 urz\u0105dzenia. Elektronika przemys\u0142owa [&hellip;]<\/p>\n","protected":false},"author":1,"featured_media":0,"parent":0,"menu_order":0,"comment_status":"closed","ping_status":"closed","template":"page-templates\/article-detail.php","meta":{"om_disable_all_campaigns":false,"_monsterinsights_skip_tracking":false,"_monsterinsights_sitenote_active":false,"_monsterinsights_sitenote_note":"","_monsterinsights_sitenote_category":0,"footnotes":""},"class_list":["post-4788","page","type-page","status-publish","hentry"],"aioseo_notices":[],"_links":{"self":[{"href":"https:\/\/itechelectronics.pl\/index.php?rest_route=\/wp\/v2\/pages\/4788","targetHints":{"allow":["GET"]}}],"collection":[{"href":"https:\/\/itechelectronics.pl\/index.php?rest_route=\/wp\/v2\/pages"}],"about":[{"href":"https:\/\/itechelectronics.pl\/index.php?rest_route=\/wp\/v2\/types\/page"}],"author":[{"embeddable":true,"href":"https:\/\/itechelectronics.pl\/index.php?rest_route=\/wp\/v2\/users\/1"}],"replies":[{"embeddable":true,"href":"https:\/\/itechelectronics.pl\/index.php?rest_route=%2Fwp%2Fv2%2Fcomments&post=4788"}],"version-history":[{"count":30,"href":"https:\/\/itechelectronics.pl\/index.php?rest_route=\/wp\/v2\/pages\/4788\/revisions"}],"predecessor-version":[{"id":5761,"href":"https:\/\/itechelectronics.pl\/index.php?rest_route=\/wp\/v2\/pages\/4788\/revisions\/5761"}],"wp:attachment":[{"href":"https:\/\/itechelectronics.pl\/index.php?rest_route=%2Fwp%2Fv2%2Fmedia&parent=4788"}],"curies":[{"name":"wp","href":"https:\/\/api.w.org\/{rel}","templated":true}]}}